5141 is divided by 3?
0
What is the remainder when 249942 is divided by 24736?
2582
Calculate the remainder when 2584972 is divided by 861381.
829
What is the remainder when 567069208 is divided by 2393?
2391
What is the remainder when 1222421 is divided by 6434?
6395
Calculate the remainder when 3894 is divided by 1447.
1000
Calculate the remainder when 15975390 is divided by 21.
18
What is the remainder when 26132 is divided by 1160?
612
What is the remainder when 710285 is divided by 1436?
901
What is the remainder when 9114613 is divided by 22?
13
What is the remainder when 147376 is divided by 7697?
1133
Calculate the remainder when 5747101 is divided by 23.
22
What is the remainder when 21522 is divided by 6899?
825
What is the remainder when 936831 is divided by 2134?
5
What is the remainder when 137843 is divided by 10600?
43
Calculate the remainder when 35479347 is divided by 11826433.
48
What is the remainder when 1654171 is divided by 115?
11
Calculate the remainder when 2589 is divided by 1056.
477
Calculate the remainder when 5121978 is divided by 1607.
469
Calculate the remainder when 7270393 is divided by 73437.
130
Calculate the remainder when 1253563 is divided by 12922.
129
What is the remainder when 1433734847 is divided by 72?
71
What is the remainder when 112061758 is divided by 15?
13
What is the remainder when 14607405 is divided by 2134?
175
What is the remainder when 131331 is divided by 43776?
3
What is the remainder when 55967 is divided by 17557?
3296
Calculate the remainder when 123273 is divided by 30767.
205
What is the remainder when 6157913 is divided by 979?
3
What is the remainder when 953629 is divided by 2981?
2690
What is the remainder when 1788879 is divided by 4351?
618
What is the remainder when 217340 is divided by 3621?
80
Calculate the remainder when 2506574 is divided by 95.
94
Calculate the remainder when 196630169 is divided by 22.
21
Calculate the remainder when 28096 is divided by 3476.
288
Calculate the remainder when 256947 is divided by 4941.
15
What is the remainder when 113786 is divided by 28426?
82
Calculate the remainder when 637604 is divided by 4522.
2
What is the remainder when 190877 is divided by 4115?
1587
What is the remainder when 4338704 is divided by 22835?
54
Calculate the remainder when 46791 is divided by 516.
351
What is the remainder when 214499971 is divided by 412?
411
Calculate the remainder when 16012722 is divided by 134.
124
Calculate the remainder when 26505 is divided by 1962.
999
Calculate the remainder when 846221 is divided by 902.
145
Calculate the remainder when 558188 is divided by 186023.
119
What is the remainder when 12274466 is divided by 1690?
1686
What is the remainder when 1183779 is divided by 41?
27
What is the remainder when 41904 is divided by 3798?
126
What is the remainder when 1541189 is divided by 497?
489
What is the remainder when 38651272 is divided by 9?
7
Calculate the remainder when 14646034 is divided by 228.
226
What is the remainder when 182537 is divided by 29764?
3953
Calculate the remainder when 1050135 is divided by 57.
24
What is the remainder when 3357170 is divided by 731?
418
What is the remainder when 2188372 is divided by 25?
22
What is the remainder when 35925 is divided by 33958?
1967
What is the remainder when 5360970 is divided by 315351?
3
What is the remainder when 9885172 is divided by 3295050?
22
Calculate the remainder when 2576407 is divided by 60.
7
Calculate the remainder when 59368 is divided by 588.
568
Calculate the remainder when 1493213 is divided by 13953.
242
What is the remainder when 598341 is divided by 99705?
111
What is the remainder when 2370269 is divided by 35372?
345
Calculate the remainder when 660656 is divided by 15354.
434
Calculate the remainder when 1106343 is divided by 5505.
5343
What is the remainder when 91538598 is divided by 1388?
1386
What is the remainder when 1668556 is divided by 189?
64
Calculate the remainder when 2451266 is divided by 57.
38
What is the remainder when 930128 is divided by 1273?
838
Calculate the remainder when 14043825 is divided by 1194.
1191
What is the remainder when 1737965 is divided by 32?
13
What is the remainder when 32413 is divided by 10128?
2029
What is the remainder when 29397 is divided by 29321?
76
Calculate the remainder when 840629 is divided by 167998.
639
What is the remainder when 2315787 is divided by 654?
627
Calculate the remainder when 139224 is divided by 783.
633
What is the remainder when 50926 is divided by 49?
15
What is the remainder when 72551 is divided by 1827?
1298
What is the remainder when 832210 is divided by 63946?
912
Calculate the remainder when 95015687 is divided by 2879263.
8
What is the remainder when 29393803 is divided by 20773?
8
Calculate the remainder when 35130297 is divided by 7.
6
Calculate the remainder when 179410032 is divided by 118.
0
What is the remainder when 12176 is divided by 2324?
556
What is the remainder when 41405528 is divided by 564?
32
Calculate the remainder when 267982221 is divided by 1664.
13
Calculate the remainder when 393989 is divided by 101.
89
Calculate the remainder when 868753 is divided by 74.
67
Calculate the remainder when 3038423 is divided by 545.
48
What is the remainder when 10043024 is divided by 834?
830
What is the remainder when 67655 is divided by 9383?
1974
Calculate the remainder when 10496 is divided by 3832.
2832
What is the remainder when 1636006 is divided by 539?
141
What is the remainder when 9106653 is divided by 4553314?
25
Calculate the remainder when 34084 is divided by 8126.
1580
Calculate the remainder when 3173782 is divided by 75565.
52
Calculate the remainder when 229808 is divided by 470.
448
Calculate the remainder when 199175 is divided by 322.
179
What is the remainder when 5436880 is divided by 453061?
148
What is the remainder when 115519068 is divided by 5039?
5032
What is the remainder when 5980449 is divided by 34770?
9
What is the remainder when 49029 is divided by 8160?
69
What is the remainder when 978915 is divided by 697?
327
What is the remainder when 183306 is divided by 403?
344
What is the remainder when 17033027 is divided by 1001942?
13
Calculate the remainder when 547412 is divided by 3168.
2516
Calculate the remainder when 767543 is divided by 266.
133
What is the remainder when 92834640 is divided by 1641?
1629
Calculate the remainder when 1425723 is divided by 38517.
594
What is the remainder when 168815 is divided by 84344?
127
What is the remainder when 159958 is divided by 3216?
2374
Calculate the remainder when 1558203 is divided by 47216.
75
Calculate the remainder when 512138 is divided by 1388.
1354
Calculate the remainder when 4447182 is divided by 1179.
1173
What is the remainder when 1198936002 is divided by 6221?
6219
Calculate the remainder when 11548608 is divided by 9.
6
What is the remainder when 359687 is divided by 827?
769
Calculate the remainder when 1729321 is divided by 576418.
67
Calculate the remainder when 32671299 is divided by 36792.
3
Calculate the remainder when 112782 is divided by 2824.
2646
Calculate the remainder when 813033 is divided by 132.
45
Calculate the remainder when 5994699 is divided by 27.
24
What is the remainder when 90540 is divided by 2206?
94
Calculate the remainder when 260707 is divided by 86895.
22
Calculate the remainder when 7473736 is divided by 390.
166
What is the remainder when 1336125 is divided by 66?
21
What is the remainder when 3154727 is divided by 1577359?
9
What is the remainder when 20062952 is divided by 3502?
3496
Calculate the remainder when 2074919 is divided by 159591.
236
What is the remainder when 1358959 is divided by 5248?
4975
What is the remainder when 3565836 is divided by 6?
0
Calculate the remainder when 11921 is divided by 3813.
482
What is the remainder when 385594 is divided by 420?
34
Calculate the remainder when 53016900 is divided by 1477.
1462
What is the remainder when 70630 is divided by 32336?
5958
What is the remainder when 697040 is divided by 14225?
15
Calculate the remainder when 75624399 is divided by 50.
49
Calculate the remainder when 1122187 is divided by 59062.
9
Calculate the remainder when 421823 is divided by 1795.
1793
What is